108.
108
Calculate the greatest common divisor of 91 and 1183.
91
What is the greatest common factor of 84 and 357?
21
Calculate the highest common divisor of 33 and 174.
3
Calculate the greatest common divisor of 3 and 123.
3
Calculate the highest common divisor of 215 and 430.
215
Calculate the greatest common factor of 14310 and 159.
159
Calculate the highest common divisor of 835 and 668.
167
Calculate the greatest common factor of 150 and 3450.
150
What is the greatest common divisor of 296 and 222?
74
Calculate the greatest common factor of 17756 and 184.
92
What is the highest common factor of 432 and 16?
16
Calculate the greatest common divisor of 6 and 18.
6
Calculate the greatest common divisor of 7 and 49.
7
Calculate the greatest common divisor of 620 and 100.
20
Calculate the highest common divisor of 474 and 19197.
237
What is the highest common factor of 1235 and 1755?
65
What is the highest common factor of 24 and 3306?
6
Calculate the greatest common divisor of 4272 and 1335.
267
Calculate the highest common factor of 22 and 4.
2
What is the highest common factor of 33 and 45?
3
What is the greatest common divisor of 1400 and 100?
100
Calculate the highest common divisor of 10180 and 60.
20
Calculate the greatest common divisor of 2658 and 18.
6
What is the highest common factor of 1250 and 11750?
250
Calculate the greatest common divisor of 348 and 3219.
87
What is the highest common divisor of 11676 and 56?
28
What is the greatest common factor of 87 and 2175?
87
What is the highest common factor of 4042 and 344?
86
What is the greatest common divisor of 64 and 872?
8
What is the greatest common factor of 2714 and 184?
46
What is the greatest common factor of 2261 and 3451?
119
Calculate the highest common divisor of 150 and 7870.
10
Calculate the greatest common divisor of 572 and 792.
44
Calculate the greatest common divisor of 32521 and 17.
17
Calculate the highest common divisor of 64 and 48.
16
Calculate the greatest common divisor of 36 and 4302.
18
Calculate the greatest common divisor of 885 and 60.
15
Calculate the highest common divisor of 33 and 847.
11
What is the highest common factor of 564 and 7755?
141
What is the highest common divisor of 106 and 6943?
53
What is the highest common divisor of 4 and 383?
1
Calculate the greatest common factor of 228 and 16758.
114
Calculate the highest common factor of 494 and 39.
13
Calculate the highest common divisor of 156 and 168.
12
What is the highest common divisor of 1552 and 80?
16
What is the highest common divisor of 150 and 66?
6
Calculate the highest common divisor of 24416 and 224.
224
What is the greatest common divisor of 341 and 33?
11
Calculate the greatest common factor of 3363 and 19.
19
Calculate the highest common divisor of 30375 and 486.
243
What is the greatest common factor of 483 and 1242?
69
What is the greatest common divisor of 20575 and 50?
25
Calculate the highest common divisor of 14 and 3346.
14
Calculate the greatest common factor of 57 and 1406.
19
Calculate the greatest common divisor of 6254 and 159.
53
Calculate the greatest common divisor of 168 and 24.
24
Calculate the highest common divisor of 62372 and 124.
124
What is the highest common divisor of 56 and 308?
28
Calculate the highest common divisor of 135 and 108.
27
What is the greatest common factor of 1860 and 84?
12
What is the highest common divisor of 30 and 621?
3
What is the highest common factor of 1072 and 64?
16
Calculate the highest common factor of 68 and 221.
17
Calculate the greatest common factor of 7371 and 243.
81
Calculate the greatest common factor of 13 and 16393.
13
What is the greatest common factor of 18 and 1602?
18
Calculate the highest common divisor of 76 and 19.
19
What is the highest common factor of 986 and 34?
34
What is the greatest common factor of 192 and 64?
64
What is the greatest common divisor of 1772 and 8?
4
Calculate the highest common divisor of 225 and 198.
9
Calculate the greatest common divisor of 6 and 4020.
6
What is the greatest common divisor of 2901 and 3?
3
What is the highest common divisor of 253 and 1023?
11
Calculate the greatest common factor of 66 and 3718.
22
Calculate the greatest common factor of 12 and 1944.
12
What is the highest common divisor of 58476 and 132?
132
Calculate the greatest common divisor of 192 and 216.
24
Calculate the highest common factor of 26 and 12766.
26
What is the highest common factor of 243 and 279?
9
Calculate the highest common divisor of 310 and 682.
62
What is the greatest common factor of 2 and 43?
1
What is the highest common divisor of 120 and 280?
40
Calculate the greatest common factor of 55 and 583.
11
What is the highest common divisor of 125 and 380?
5
What is the highest common divisor of 41 and 287?
41
Calculate the highest common divisor of 154 and 671.
11
What is the greatest common factor of 2173 and 53?
53
Calculate the greatest common factor of 34 and 272.
34
Calculate the highest common factor of 33189 and 37.
37
What is the greatest common divisor of 168 and 483?
21
What is the greatest common factor of 7025 and 100?
25
Calculate the highest common factor of 224 and 44.
4
Calculate the greatest common factor of 18460 and 284.
284
What is the greatest common factor of 5092 and 342?
38
What is the highest common factor of 370 and 94?
2
Calculate the greatest common divisor of 36 and 72.
36
Calculate the greatest common divisor of 80 and 60.
20
Calculate the highest common factor of 891 and 1881.
99
What is the highest common divisor of 9 and 1089?
9
What is the greatest common factor of 170 and 4352?
34
Calculate the highest common factor of 25496 and 8.
8
What is the greatest common factor of 1038 and 6?
6
What is the greatest common factor of 188 and 470?
94
What is the highest common divisor of 320 and 40?
40
What is the highest common factor of 119 and 952?
119
What is the greatest common divisor of 624 and 2064?
48
What is the greatest common factor of 24 and 132?
12
What is the highest common divisor of 529 and 23?
23
Calculate the greatest common factor of 84695 and 65.
65
Calculate the highest common factor of 44 and 5137.
11
Calculate the highest common factor of 195 and 30.
15
Calculate the highest common factor of 741 and 57.
57
Calculate the highest common factor of 196 and 308.
28
Calculate the greatest common factor of 1391 and 13.
13
Calculate the greatest common divisor of 325 and 25.
25
Calculate the highest common divisor of 784 and 96.
16
Calculate the greatest common factor of 60 and 120.
60
What is the greatest common factor of 18 and 5823?
9
What is the greatest common factor of 22 and 242?
22
Calculate the highest common divisor of 560 and 385.
35
Calculate the highest common factor of 49 and 91.
7
Calculate the greatest common divisor of 19 and 7.
1
Calculate the greatest common divisor of 138 and 92.
46
Calculate the highest common factor of 182 and 77.
7
Calculate the highest common factor of 23750 and 38.
38
Calculate the greatest common factor of 1517 and 37.
37
Calculate the highest common factor of 21 and 12.
3
What is the highest common factor of 64 and 3192?
8
What is the greatest common divisor of 40 and 180?
20
Calculate the highest common factor of 266 and 84.
14
What is the greatest common divisor of 230 and 320?
10
Calculate the greatest common divisor of 70 and 2210.
10
What is the highest common divisor of 31 and 3193?
31
What is the highest common divisor of 316 and 4?
4
What is the greatest common divisor of 1782 and 66?
66
Calculate the greatest common factor of 45 and 10.
5
What is the greatest common factor of 1134 and 162?
162
What is the greatest common divisor of 3291 and 12?
3
Calculate the highest common factor of 9891 and 189.
63
What is the greatest common divisor of 36 and 1287?
9
What is the greatest common divisor of 3 and 201?
3
Calculate the highest common factor of 90 and 10305.
45
Calculate the greatest common factor of 275 and 11.
11
What is the greatest common divisor of 707 and 404?
101
What is the highest common factor of 196 and 3626?
98
Calculate the highest common divisor of 3924 and 2398.
218
What is the greatest common divisor of 1794 and 78?
78
Calculate the highest common divisor of 419 and 1.
1
What i